igit of 9692?
2
What is the ten thousands digit of 92919?
9
What is the ten thousands digit of 32205?
3
What is the units digit of 20977?
7
What is the hundreds digit of 72342?
3
What is the hundreds digit of 12291?
2
What is the thousands digit of 1749?
1
What is the tens digit of 3153?
5
What is the tens digit of 724?
2
What is the hundreds digit of 15537?
5
What is the units digit of 13111?
1
What is the tens digit of 152?
5
What is the tens digit of 474?
7
What is the units digit of 4218?
8
What is the tens digit of 11181?
8
What is the thousands digit of 4639?
4
What is the tens digit of 413?
1
What is the units digit of 5?
5
What is the ten thousands digit of 49531?
4
What is the hundreds digit of 842?
8
What is the hundreds digit of 39938?
9
What is the thousands digit of 4212?
4
What is the thousands digit of 33853?
3
What is the tens digit of 145?
4
What is the units digit of 1809?
9
What is the units digit of 39?
9
What is the tens digit of 1469?
6
What is the thousands digit of 22497?
2
What is the tens digit of 437?
3
What is the thousands digit of 51746?
1
What is the ten thousands digit of 152632?
5
What is the hundreds digit of 6528?
5
What is the thousands digit of 59693?
9
What is the tens digit of 1028?
2
What is the ten thousands digit of 19049?
1
What is the tens digit of 1050?
5
What is the thousands digit of 3105?
3
What is the tens digit of 10855?
5
What is the tens digit of 3443?
4
What is the hundreds digit of 1334?
3
What is the hundreds digit of 12460?
4
What is the thousands digit of 16689?
6
What is the hundreds digit of 4920?
9
What is the thousands digit of 13111?
3
What is the tens digit of 94510?
1
What is the hundreds digit of 31771?
7
What is the tens digit of 3119?
1
What is the units digit of 70867?
7
What is the hundreds digit of 13578?
5
What is the tens digit of 4491?
9
What is the units digit of 1544?
4
What is the hundreds digit of 13249?
2
What is the units digit of 49837?
7
What is the thousands digit of 1309?
1
What is the units digit of 2418?
8
What is the units digit of 494?
4
What is the tens digit of 1291?
9
What is the hundreds digit of 25129?
1
What is the units digit of 13725?
5
What is the tens digit of 6566?
6
What is the ten thousands digit of 24107?
2
What is the tens digit of 2033?
3
What is the thousands digit of 19054?
9
What is the hundreds digit of 1956?
9
What is the units digit of 1799?
9
What is the hundreds digit of 1874?
8
What is the tens digit of 4094?
9
What is the hundreds digit of 1126?
1
What is the units digit of 27841?
1
What is the hundreds digit of 2598?
5
What is the tens digit of 746?
4
What is the hundreds digit of 7221?
2
What is the thousands digit of 1237?
1
What is the hundreds digit of 1037?
0
What is the ten thousands digit of 28023?
2
What is the units digit of 1362?
2
What is the tens digit of 16?
1
What is the tens digit of 4351?
5
What is the hundreds digit of 62488?
4
What is the tens digit of 5668?
6
What is the units digit of 662?
2
What is the hundreds digit of 7006?
0
What is the thousands digit of 6228?
6
What is the units digit of 29565?
5
What is the tens digit of 43521?
2
What is the units digit of 2703?
3
What is the tens digit of 377?
7
What is the ten thousands digit of 29603?
2
What is the thousands digit of 6066?
6
What is the units digit of 6403?
3
What is the units digit of 21556?
6
What is the ten thousands digit of 56525?
5
What is the units digit of 2668?
8
What is the units digit of 3290?
0
What is the ten thousands digit of 10002?
1
What is the tens digit of 12836?
3
What is the units digit of 917?
7
What is the hundreds digit of 708?
7
What is the tens digit of 953?
5
What is the hundreds digit of 12379?
3
What is the thousands digit of 3080?
3
What is the thousands digit of 7841?
7
What is the hundreds digit of 3282?
2
What is the hundreds digit of 1230?
2
What is the hundreds digit of 8479?
4
What is the hundreds digit of 950?
9
What is the units digit of 17160?
0
What is the thousands digit of 2907?
2
What is the thousands digit of 6691?
6
What is the hundreds digit of 59884?
8
What is the thousands digit of 9748?
9
What is the units digit of 5645?
5
What is the units digit of 54717?
7
What is the units digit of 104056?
6
What is the units digit of 430?
0
What is the hundreds digit of 812?
8
What is the ten thousands digit of 16905?
1
What is the tens digit of 230?
3
What is the thousands digit of 16616?
6
What is the tens digit of 10932?
3
What is the units digit of 634?
4
What is the ten thousands digit of 20715?
2
What is the units digit of 23095?
5
What is the thousands digit of 20009?
0
What is the units digit of 33680?
0
What is the tens digit of 1461?
6
What is the tens digit of 2497?
9
What is the tens digit of 1498?
9
What is the units digit of 20332?
2
What is the hundreds digit of 47482?
4
What is the hundreds digit of 958?
9
What is the units digit of 9505?
5
What is the hundreds digit of 135626?
6
What is the tens digit of 27?
2
What is the units digit of 1697?
7
What is the hundreds digit of 49550?
5
What is the tens digit of 741?
4
What is the tens digit of 14556?
5
What is the units digit of 913?
3
What is the tens digit of 5837?
3
What is the tens digit of 53607?
0
What is the thousands digit of 17543?
7
What is the units digit of 1549?
9
What is the units digit of 102726?
6
What is the hundreds digit of 65429?
4
What is the hundreds digit of 110347?
3
What is the thousands digit of 1580?
1
What is the thousands digit of 3980?
3
What is the hundreds digit of 58243?
2
What is the tens digit of 67662?
6
What is the units digit of 1?
1
What is the tens digit of 3561?
6
What is the ten thousands digit of 63575?
6
What is the tens digit of 416?
1
What is the tens digit of 10272?
7
What is the hundreds digit of 2612?
6
What is the hundreds digit of 311?
3
What is the tens digit of 851?
5
What is the hundreds digit of 17154?
1
What is the units digit of 8200?
0
What is the tens digit of 93298?
9
What is the tens digit of 17145?
4
What is the thousands digit of 12625?
2
What is the thousands digit of 1558?
1
What is the ten thousands digit of 25625?
2
What is the units digit of 31715?
5
What is the hundreds digit of 1830?
8
What is the units digit of 712?
2
What is the ten thousands digit of 17200?
1
What is the tens digit of 56820?
2
What is the hundreds digit of 11077?
0
What is the tens digit of 25909?
0
What is the units digit of 4140?
0
What is the tens digit of 782?
8
What is the units digit of 8146?
6
What is the tens digit of 2893?
9
What is the ten thousands digit of 12195?
1
What is the hundreds digit of 974?
9
What is the tens digit of 669?
6
What is the hundreds digit of 5373?
3
What is the hundreds digit of 1157?
1
What is the hundreds digit of 37652?
6
What is the thousands digit of 1087?
1
What is the thousands digit of 15767?
5
What is the hundreds digit of 53032?
0
What is the ten thousands digit of 40974?
4
What is the thousands digit of 1132?
1
What is the tens digit of 66494?
9
What is the tens digit of 7807?
0
What is the ten thousands digit of 15842?
1
What is the thousands digit of 13668?
3
What is the ten thousands digit of 38929?
3
What is the hundreds digit of 3879?
8
What is the tens digit of 4830?
3
What is the thousands digit of 10648?
0
What is the units digit of 28882?
2
What is the hundreds digit of 1761?
7
What is the tens digit of 590?
9
What is the tens digit of 5619?
1
What is the units digit of 1206?
6
What is the tens digit of 32483?
8
What is the units digit of 2558?
8
What is the hundreds digit of 15949?
9
What is the units digit of 13945?
5
What is the hundreds digit of 1080?
0
What is the units digit of 34145?
5
What is the thousands digit of 108572?
8
What is the thousands digit of 12273?
2
What is the units digit of 31486?
6
What is the hundreds digit of 145?
1
What is the units digit of 6795?
5
What is the tens digit of 5594?
9
What is the thousands digit of 2655?
2
What is the units digit of 20169?
9
What is the thousands digit of 4875?
4
What is the units digit of 2662?
2
What is the ten thousands digit of 14943?
1
What is the tens digit of 879?
7
What is the thousands digit of 4786?
4
What is the units digit of 3428?
8
What is the units digit of 7907?
7
What is the thous